
Let u(k) = 13802*k**2 - 607293*k + 204. Give u(44).
-16
Let g(m) = -4635*m + 32231. What is g(7)?
-214
Let d(t) = 5*t**2 - 1569*t + 4665. Give d(3).
3
Let r(b) = b**3 - 81*b**2 + 78*b - 144. Calculate r(80).
-304
Let a(g) = 355868*g + 2491120. What is a(-7)?
44
Let n(p) = -2*p**2 + 25*p - 129. What is n(10)?
-79
Let z(w) = 6*w**2 - 236*w - 4799. Calculate z(-16).
513
Let h(w) = 30*w**2 + 152*w - 1875. Determine h(-11).
83
Let f(m) = -338*m + 10019. Calculate f(28).
555
Let o(d) = 3*d**3 + 440*d**2 - 337*d - 91833. Determine o(-146).
1
Let i(d) = d**3 - 8*d**2 - 498*d + 4778. Determine i(10).
-2
Let w(z) = -6*z**2 + 13*z + 962. Determine w(-15).
-583
Let u(o) = 56*o**2 - 54654*o + 163967. Determine u(3).
509
Let t(j) = -j**2 - 3440*j + 693498. Determine t(191).
-23
Let u(i) = i**3 - 171*i**2 + 4410*i + 154. What is u(32)?
-1062
Let l(d) = 4*d**2 + 169*d + 97. Determine l(-38).
-549
Let q(m) = m**2 - 36474*m - 6119046. What is q(-167)?
1
Let q(n) = -2*n**3 - 39*n**2 - 553*n - 11114. Calculate q(-20).
346
Let c(r) = -938*r - 253285. What is c(-270)?
-25
Let p(w) = 3093*w + 37213. What is p(-12)?
97
Let b(q) = -501*q + 3617. What is b(3)?
2114
Let d(v) = 61*v**3 + 732*v**2 + 96*v + 1103. Give d(-12).
-49
Let m(j) = -25535*j + 26642. Calculate m(1).
1107
Let f(d) = -d**3 - 3*d**2 - 16*d - 115. Calculate f(9).
-1231
Let i(o) = 11*o**2 + 99*o + 350. What is i(-6)?
152
Let u(t) = -t**3 - 49*t**2 - 330*t + 232. Calculate u(-9).
-38
Let b(s) = 2*s**3 + 51*s**2 - 81*s - 3475. Give b(-24).
197
Let h(b) = 6*b**2 - 6534*b + 58706. Determine h(9).
386
Let a(y) = 6*y**3 - 20*y**2 + 36*y - 115. Give a(3).
-25
Let m(a) = 4534*a + 22726. What is m(-5)?
56
Let w(r) = -11*r**2 + 17076*r - 102058. Determine w(6).
2
Let b(p) = 5*p**3 - 30*p**2 - 343*p - 294. Determine b(12).
-90
Let y(c) = c**3 - 400*c**2 + 743*c + 21115. Give y(398).
21
Let x(y) = -199167*y + 995836. Give x(5).
1
Let s(t) = -534*t - 80565. Calculate s(-155).
2205
Let v(s) = 125264*s + 125275. Calculate v(-1).
11
Let g(t) = 17261*t + 276134. Calculate g(-16).
-42
Let u(y) = -y**2 - 503*y - 11955. Calculate u(-25).
-5
Let a(y) = -213613*y - 2349741. Calculate a(-11).
2
Let d(k) = -1561*k - 64047. What is d(-41)?
-46
Let q(l) = -2371*l - 1963216. Give q(-828).
-28
Let x(n) = -n**3 + 9*n**2 + 27*n + 168. Give x(12).
60
Let q(w) = 197*w - 5254. What is q(26)?
-132
Let b(i) = -i**3 - 137*i**2 + 1734*i + 183. Calculate b(12).
-465
Let z(c) = -40*c**2 - 1039*c - 4125. What is z(-4)?
-609
Let y(o) = 19*o - 1970. Calculate y(131).
519
Let g(f) = -281*f**2 + 254*f + 2. Determine g(1).
-25
Let b(n) = -28294*n + 169663. Give b(6).
-101
Let q(h) = -35*h**2 - 1883*h - 9385. Determine q(-5).
-845
Let z(u) = 5149*u + 180335. Calculate z(-35).
120
Let p(y) = y**3 + 8*y**2 - 538*y - 2853. Determine p(-5).
-88
Let r(o) = 12*o**3 - 89*o**2 + 95*o - 149. What is r(7)?
271
Let l(a) = -97194*a - 680282. Give l(-7).
76
Let c(m) = -25*m**2 - 19*m + 200. What is c(4)?
-276
Let m(w) = 695*w - 42384. Calculate m(61).
11
Let q(m) = 3*m**3 - 1366*m**2 - 12054*m - 4659. Calculate q(464).
-19
Let i(s) = -11*s**2 - 551*s + 1747. Calculate i(3).
-5
Let b(n) = 33*n**2 - 3540*n + 1035. What is b(107)?
72
Let o(u) = -41646*u - 2873560. Determine o(-69).
14
Let n(q) = 226*q**2 - 135*q + 7. What is n(2)?
641
Let p(z) = 2139*z - 192415. What is p(90)?
95
Let d(a) = 55*a - 4901. Calculate d(60).
-1601
Let z(h) = -3412*h + 7209561. Determine z(2113).
5
Let y(r) = 25*r**3 + 1418*r**2 - 1885*r - 1684. Give y(-58).
-2
Let j(q) = -21*q**3 + 140*q**2 - 144*q + 343. Calculate j(6).
-17
Let j(q) = 8*q**3 + 122*q**2 + 55*q + 547. Calculate j(-15).
172
Let n(w) = -39*w**2 - 5886*w + 459. Give n(-151).
6
Let f(s) = -4*s**2 + 200*s + 2727. What is f(61)?
43
Let f(r) = 22134*r**2 - 1660047*r - 222. Determine f(75).
3
Let p(x) = -1182*x + 378712. Calculate p(321).
-710
Let o(p) = p**2 + 532*p + 55653. What is o(-143)?
26
Let u(h) = 15*h**2 + 21*h - 628. What is u(-10)?
662
Let a(v) = -7*v**3 + 93*v**2 - 272*v - 2. Calculate a(4).
-50
Let b(c) = 59*c**2 + 714*c + 269. Give b(-11).
-446
Let n(i) = 336977*i + 6065569. Calculate n(-18).
-17
Let d(q) = -29*q - 141. Determine d(-5).
4
Let t(b) = -35*b**3 + 587*b**2 + 2268*b - 135. Calculate t(20).
25
Let r(s) = s**3 - 51*s**2 - 107*s + 13367. Calculate r(47).
-498
Let y(x) = -9*x**2 + 1405*x + 22905. What is y(171)?
-9
Let d(o) = -24085*o - 457610. Give d(-19).
5
Let v(f) = 12787*f - 1368212. Determine v(107).
-3
Let m(u) = u**3 - 26*u**2 - 629*u + 3386. Give m(5).
-284
Let a(f) = 10*f - 139. What is a(59)?
451
Let k(b) = 78012*b + 78299. Determine k(-1).
287
Let h(c) = -213*c**2 + 49*c - 67. What is h(2)?
-821
Let c(j) = 6*j**2 - 716*j + 3454. Determine c(5).
24
Let n(b) = 14*b**2 + 3701*b - 25847. Give n(7).
746
Let l(t) = 2147*t + 113792. Give l(-53).
1
Let d(n) = -n**3 + 48*n**2 - 332*n + 1934. What is d(40)?
1454
Let f(y) = 634*y + 5770. Determine f(-9).
64
Let t(s) = 2903*s + 1457062. What is t(-502)?
-244
Let t(w) = w**3 - 692*w**2 + 7*w - 4843. Determine t(692).
1
Let j(v) = v**2 + 43791*v + 787872. Calculate j(-18).
-42
Let w(d) = 2278*d**3 + d**2 - 51*d + 51. Give w(1).
2279
Let b(i) = 409*i - 72801. What is b(178)?
1
Let q(i) = -4782*i + 153044. Calculate q(32).
20
Let g(c) = -c**3 - 37*c**2 + 4256*c + 157431. Determine g(-37).
-41
Let d(c) = -c**3 - 54*c**2 + 4846*c + 269683. What is d(-62)?
-17
Let f(t) = 13*t**2 + 329*t - 3269. Calculate f(-33).
31
Let j(o) = o**2 - 93*o + 1619. Calculate j(20).
159
Let l(n) = 52970*n + 158916. Give l(-3).
6
Let l(r) = 11*r**3 - 94*r - 504. Calculate l(-6).
-2316
Let v(w) = 26*w**2 - 47*w + 273. What is v(7)?
1218
Let a(g) = g**3 - 10*g**2 + 9*g - 89. What is a(7)?
-173
Let b(m) = 2*m**3 - 2*m**2 - 629*m + 79. Determine b(0).
79
Let q(i) = -i**3 - 18*i**2 - 61*i + 149. What is q(-7)?
37
Let v(t) = -567707*t + 2270860. Calculate v(4).
32
Let y(p) = -1703*p - 51085. Give y(-30).
5
Let y(p) = -12*p**3 - 509*p**2 + 1618*p - 251. Determine y(3).
-302
Let t(y) = -y**3 + 146*y**2 + 33083*y + 1061. Determine t(269).
-15
Let r(s) = -1587*s - 13077. Calculate r(-8).
-381
Let g(f) = -f**2 - 5665*f + 110. Determine g(0).
110
Let w(k) = 25*k**2 - 15*k - 69. Give w(-6).
921
Let d(k) = k**2 + 9809*k - 4605817. What is d(449)?
25
Let u(z) = -91*z**2 + 1499*z - 8980. Give u(6).
-3262
Let y(j) = -1161*j + 21111. Determine y(18).
213
Let q(p) = -2*p**3 - 15*p**2 + 358*p - 1061. Give q(4).
3
Let h(p) = 4*p**2 - 19053*p - 459556. What is h(-24)?
20
Let u(w) = 14*w**2 - 831*w - 4147. Calculate u(-5).
358
Let k(s) = 866*s - 66343. Calculate k(77).
339
Let u(f) = 3795*f - 60684. Calculate u(16).
36
Let i(g) = -g**2 + 35983*g + 172. Give i(0).
172
Let v(g) = -g**2 + 246*g - 2408. Determine v(238).
-504
Let d(h) = -2*h**3 + 374*h**2 + 1160*h - 147342. Calculate d(188).
50
Let a(g) = -g**3 + 134*g + 81. Give a(0).
81
Let f(x) = 62679*x - 689480. What is f(11)?
-11
Let v(d) = -5*d**3 + 274*d**2 + 70*d + 78. What is v(55)?
903
Let i(a) = -52*a**2 - 909*a - 6408. Calculate i(-7).
-2593
Let f(u) = -361*u + 127930. Determine f(353).
497
Let w(g) = -2*g**2 + 2327*g + 1921198. Determine w(-558).
4
Let c(u) = u**2 - 119*u + 2796. Give c(81).
-282
Let l(o) = -1617*o + 17794. Determine l(11).
7
Let g(k) = 8*k**3 - 7*k**2 + 5*k - 14. What is g(0)?
-14
Let c(s) = 2*s**3 - 516*s**2 - 12*s + 3089. What is c(258)?
-7
Let x(s) = s**2 + 764*s - 18744. Give x(24).
168
Let r(l) = l**3 + 361*l**2 - 1088*l + 1451. What is r(-364)?
-5
Let x(q) = 4*q**2 + 2947*q + 457942. What is x(-514)?
-32
Let z(j) = j**2 - 1201*j + 196. Give z(0).
196
Let o(l) = -18*l**3 + 14*l**2 + 4981*l + 24851. What is o(-5)?
2546
Let t(h) = 3*h**2 - 970*h - 32953. Calculate t(-31).
0
Let z(b) = -14*b**2 + 1811*b + 1374. Calculate z(130).
204
Let b(t) = t**3 - 28*t**2 - 376*t + 74. Determine b(-10).
34
Let o(d) = 341*d - 50445. Determine o(146).
-659
Let c(g) = -846*g + 15632. Give c(17).
1250
Let f(v) = 11*v**3 + 18*v**2 - 66*v + 51. Give f(1).
14
Let v(f) = -f**3 - 24*f**2 + 11383*f + 294608. What is v(-26)?
2
Let b(g) = -2812*g + 412933. Determine b(147).
-431
Let c(l) = 2*l**2 + 50501*l - 1516827. Calculate c(30).
3
Let k(z) = -7*z**3 - 11*z**2 + 323*z + 403. What is k(-7)?
4
Let c(z) = -z**3 - 85*z**2 + 587*z + 73795. Give c(